{"id":712,"date":"2022-07-11T02:18:07","date_gmt":"2022-07-11T00:18:07","guid":{"rendered":"http:\/\/medericlebouvier.com\/?page_id=712"},"modified":"2025-01-06T22:12:40","modified_gmt":"2025-01-06T21:12:40","slug":"normand","status":"publish","type":"page","link":"https:\/\/medericlebouvier.com\/index.php\/normand\/","title":{"rendered":"Normand"},"content":{"rendered":"\n<p class=\"has-drop-cap\">Le Normand gambade dans les pr\u00e9s verdoyants et les collines bois\u00e9es entre campagne paisible et littoral \u00e0 coup\u00e9 le souffle.<\/p>\n\n\n\n<p><\/p>\n\n\n\n<p><strong>\u00catre normand, qu&rsquo;est-ce que \u00e7a veut dire ?<\/strong><\/p>\n\n\n\n<p>C&rsquo;est avant tout aimer un territoire qui a tant \u00e0 offrir.<\/p>\n\n\n\n<p>\u00catre n\u00e9 normand c&rsquo;est conna\u00eetre sa chance.<\/p>\n\n\n\n<p>Devenir Normand, c&rsquo;est savoir reconna\u00eetre une v\u00e9rit\u00e9.<\/p>\n\n\n\n<p>Demeurer Normand, c&rsquo;est une qu\u00eate du Bonheur.<\/p>\n\n\n\n<p><\/p>\n\n\n\n<p>Je suis normand, et je souhaite le rester, voici ma mobilit\u00e9 :<\/p>\n\n\n\n<p><strong>Isochrone de 45min autour de Jurques<\/strong><\/p>\n\n\n\n<figure class=\"wp-block-image size-large is-resized\"><img loading=\"lazy\" decoding=\"async\" width=\"1024\" height=\"680\" src=\"http:\/\/medericlebouvier.com\/wp-content\/uploads\/2025\/01\/Isochrone-de-45min-autour-de-la-Jurques-14260-1024x680.png\" alt=\"\" class=\"wp-image-731\" style=\"width:1140px;height:auto\" srcset=\"https:\/\/medericlebouvier.com\/wp-content\/uploads\/2025\/01\/Isochrone-de-45min-autour-de-la-Jurques-14260-1024x680.png 1024w, https:\/\/medericlebouvier.com\/wp-content\/uploads\/2025\/01\/Isochrone-de-45min-autour-de-la-Jurques-14260-300x199.png 300w, https:\/\/medericlebouvier.com\/wp-content\/uploads\/2025\/01\/Isochrone-de-45min-autour-de-la-Jurques-14260-768x510.png 768w, https:\/\/medericlebouvier.com\/wp-content\/uploads\/2025\/01\/Isochrone-de-45min-autour-de-la-Jurques-14260.png 1147w\" sizes=\"auto, (max-width: 1024px) 100vw, 1024px\" \/><\/figure>\n\n\n\n<p>Donn\u00e9es issues de Geoportail (+ IGN) <a href=\"https:\/\/www.geoportail.gouv.fr\/carte\">https:\/\/www.geoportail.gouv.fr\/carte<\/a><\/p>\n","protected":false},"excerpt":{"rendered":"<p>Le Normand gambade dans les pr\u00e9s verdoyants et les collines bois\u00e9es entre campagne paisible et littoral \u00e0 coup\u00e9 le souffle. \u00catre normand, qu&rsquo;est-ce que \u00e7a veut dire ? C&rsquo;est avant tout aimer un territoire qui a tant \u00e0 offrir. \u00catre<\/p>\n","protected":false},"author":1,"featured_media":0,"parent":0,"menu_order":0,"comment_status":"closed","ping_status":"closed","template":"","meta":{"footnotes":""},"class_list":["post-712","page","type-page","status-publish","hentry"],"_links":{"self":[{"href":"https:\/\/medericlebouvier.com\/index.php\/wp-json\/wp\/v2\/pages\/712","targetHints":{"allow":["GET"]}}],"collection":[{"href":"https:\/\/medericlebouvier.com\/index.php\/wp-json\/wp\/v2\/pages"}],"about":[{"href":"https:\/\/medericlebouvier.com\/index.php\/wp-json\/wp\/v2\/types\/page"}],"author":[{"embeddable":true,"href":"https:\/\/medericlebouvier.com\/index.php\/wp-json\/wp\/v2\/users\/1"}],"replies":[{"embeddable":true,"href":"https:\/\/medericlebouvier.com\/index.php\/wp-json\/wp\/v2\/comments?post=712"}],"version-history":[{"count":4,"href":"https:\/\/medericlebouvier.com\/index.php\/wp-json\/wp\/v2\/pages\/712\/revisions"}],"predecessor-version":[{"id":738,"href":"https:\/\/medericlebouvier.com\/index.php\/wp-json\/wp\/v2\/pages\/712\/revisions\/738"}],"wp:attachment":[{"href":"https:\/\/medericlebouvier.com\/index.php\/wp-json\/wp\/v2\/media?parent=712"}],"curies":[{"name":"wp","href":"https:\/\/api.w.org\/{rel}","templated":true}]}}