{"id":493,"date":"2020-10-26T11:36:03","date_gmt":"2020-10-26T10:36:03","guid":{"rendered":"http:\/\/medericlebouvier.com\/?page_id=493"},"modified":"2024-10-15T23:27:58","modified_gmt":"2024-10-15T21:27:58","slug":"cv","status":"publish","type":"page","link":"https:\/\/medericlebouvier.com\/index.php\/cv\/","title":{"rendered":"CV"},"content":{"rendered":"\n<div class=\"wp-block-group alignwide\"><div class=\"wp-block-group__inner-container is-layout-flow wp-block-group-is-layout-flow\">\n<div class=\"wp-block-columns is-layout-flex wp-container-core-columns-is-layout-9d6595d7 wp-block-columns-is-layout-flex\">\n<div class=\"wp-block-column is-layout-flow wp-block-column-is-layout-flow\" style=\"flex-basis:25%\">\n<figure class=\"wp-block-image size-large\"><img loading=\"lazy\" decoding=\"async\" width=\"1024\" height=\"1024\" src=\"http:\/\/medericlebouvier.com\/wp-content\/uploads\/2020\/08\/Mederic-Corporate-4771-1024x1024.jpg\" alt=\"Portrait de M\u00e9d\u00e9ric\" class=\"wp-image-144\" srcset=\"https:\/\/medericlebouvier.com\/wp-content\/uploads\/2020\/08\/Mederic-Corporate-4771-1024x1024.jpg 1024w, https:\/\/medericlebouvier.com\/wp-content\/uploads\/2020\/08\/Mederic-Corporate-4771-300x300.jpg 300w, https:\/\/medericlebouvier.com\/wp-content\/uploads\/2020\/08\/Mederic-Corporate-4771-150x150.jpg 150w, https:\/\/medericlebouvier.com\/wp-content\/uploads\/2020\/08\/Mederic-Corporate-4771-768x768.jpg 768w, https:\/\/medericlebouvier.com\/wp-content\/uploads\/2020\/08\/Mederic-Corporate-4771-1536x1536.jpg 1536w, https:\/\/medericlebouvier.com\/wp-content\/uploads\/2020\/08\/Mederic-Corporate-4771-2048x2048.jpg 2048w\" sizes=\"auto, (max-width: 1024px) 100vw, 1024px\" \/><\/figure>\n<\/div>\n\n\n\n<div class=\"wp-block-column is-layout-flow wp-block-column-is-layout-flow\" style=\"flex-basis:75%\">\n<h2 class=\"wp-block-heading has-text-align-center\">M\u00e9d\u00e9ric LEBOUVIER<\/h2>\n\n\n\n<h3 class=\"wp-block-heading has-text-align-center\">Ing\u00e9nieur dipl\u00f4m\u00e9 en G\u00e9nie Industriel, Planificateur de production<\/h3>\n\n\n\n<div class=\"wp-block-columns has-background is-layout-flex wp-container-core-columns-is-layout-9d6595d7 wp-block-columns-is-layout-flex\" style=\"background-color:#f6fbff\">\n<div class=\"wp-block-column is-layout-flow wp-block-column-is-layout-flow\" style=\"flex-basis:66.66%\">\n<p>06 50 07 52 32<br>mederic@medericlebouvier.com<br>Souleuvre en Bocage<\/p>\n<\/div>\n\n\n\n<div class=\"wp-block-column is-layout-flow wp-block-column-is-layout-flow\" style=\"flex-basis:33.33%\">\n<p>TOEIC 845<br>30 ans, Fran\u00e7ais<br>Permis B, V\u00e9hicul\u00e9<\/p>\n<\/div>\n<\/div>\n<\/div>\n<\/div>\n\n\n\n<hr class=\"wp-block-separator has-css-opacity\"\/>\n\n\n\n<div class=\"wp-block-columns has-background is-layout-flex wp-container-core-columns-is-layout-9d6595d7 wp-block-columns-is-layout-flex\" style=\"background-color:#fafaf6\">\n<div class=\"wp-block-column is-layout-flow wp-block-column-is-layout-flow\" style=\"flex-basis:25%\">\n<h3 class=\"wp-block-heading\">Qualit\u00e9s<\/h3>\n\n\n\n<p>Rigueur, M\u00e9thodologie<br>Sens de l&rsquo;organisation<br>Force de proposition<\/p>\n<\/div>\n\n\n\n<div class=\"wp-block-column is-layout-flow wp-block-column-is-layout-flow\" style=\"flex-basis:50%\">\n<h3 class=\"wp-block-heading\">Comp\u00e9tences<\/h3>\n\n\n\n<p>Gestion de la production<br>Management de projets et de portefeuille<br>Management de la maintenance<\/p>\n<\/div>\n\n\n\n<div class=\"wp-block-column is-layout-flow wp-block-column-is-layout-flow\" style=\"flex-basis:25%\">\n<h3 class=\"wp-block-heading\">Sp\u00e9cialit\u00e9s<\/h3>\n\n\n\n<p>G\u00e9nie industriel<br><\/p>\n<\/div>\n<\/div>\n\n\n\n<hr class=\"wp-block-separator has-css-opacity is-style-wide\"\/>\n\n\n\n<h2 class=\"wp-block-heading has-text-align-center\">Exp\u00e9riences<\/h2>\n\n\n\n<div class=\"wp-block-columns has-background is-layout-flex wp-container-core-columns-is-layout-9d6595d7 wp-block-columns-is-layout-flex\" style=\"background-color:#f6fbff\">\n<div class=\"wp-block-column is-vertically-aligned-center is-layout-flow wp-block-column-is-layout-flow\" style=\"flex-basis:25%\">\n<p class=\"has-text-align-center\">Juil. 2021 &#8211; Aujourd&rsquo;hui<br>La Normandise<\/p>\n<\/div>\n\n\n\n<div class=\"wp-block-column is-layout-flow wp-block-column-is-layout-flow\" style=\"flex-basis:50%\">\n<h4 class=\"wp-block-heading\">Planificateur de production<\/h4>\n\n\n\n<p>G\u00e9rer la planification et l\u2019ordonnancement de la production de pochons d&rsquo;alimentation humide pour chien et chat<\/p>\n<\/div>\n\n\n\n<div class=\"wp-block-column is-layout-flow wp-block-column-is-layout-flow\" style=\"flex-basis:25%\">\n<h5 class=\"wp-block-heading has-text-align-center\">Secteur<\/h5>\n\n\n\n<p>Industrie agro-alimentaire<br>Secteur Pet-Food<\/p>\n<\/div>\n<\/div>\n\n\n\n<div class=\"wp-block-columns has-background is-layout-flex wp-container-core-columns-is-layout-9d6595d7 wp-block-columns-is-layout-flex\" style=\"background-color:#fafaf6\">\n<div class=\"wp-block-column is-vertically-aligned-center is-layout-flow wp-block-column-is-layout-flow\" style=\"flex-basis:25%\">\n<p class=\"has-text-align-center\">Mai. 2021 &#8211; Juil. 2021<br>Baker Hughes<\/p>\n<\/div>\n\n\n\n<div class=\"wp-block-column is-layout-flow wp-block-column-is-layout-flow\" style=\"flex-basis:50%\">\n<h4 class=\"wp-block-heading\">Planificateur de production<\/h4>\n\n\n\n<p>G\u00e9rer la planification et l&rsquo;ordonnancement de la production de vannes de r\u00e9gulations \u00e0 destination du nucl\u00e9aire<\/p>\n<\/div>\n\n\n\n<div class=\"wp-block-column is-layout-flow wp-block-column-is-layout-flow\" style=\"flex-basis:25%\">\n<h5 class=\"wp-block-heading has-text-align-center\">Secteur<\/h5>\n\n\n\n<p>Industrie m\u00e9canique<br>Secteur nucl\u00e9aire<\/p>\n<\/div>\n<\/div>\n\n\n\n<div class=\"wp-block-columns has-background is-layout-flex wp-container-core-columns-is-layout-9d6595d7 wp-block-columns-is-layout-flex\" style=\"background-color:#f6fbff\">\n<div class=\"wp-block-column is-vertically-aligned-center is-layout-flow wp-block-column-is-layout-flow\" style=\"flex-basis:25%\">\n<p class=\"has-text-align-center\">Sept. 2018 &#8211; Sept. 2019<br>Eurotunnel<\/p>\n<\/div>\n\n\n\n<div class=\"wp-block-column is-layout-flow wp-block-column-is-layout-flow\" style=\"flex-basis:50%\">\n<h4 class=\"wp-block-heading\">Chef de Projets Donn\u00e9es Industrielles<\/h4>\n\n\n\n<p>Valoriser les donn\u00e9es de la division maintenance<br>Coordonner les \u00e9tudes du plan de transformation<br>Introduire la maintenance pr\u00e9dictive<\/p>\n<\/div>\n\n\n\n<div class=\"wp-block-column is-layout-flow wp-block-column-is-layout-flow\" style=\"flex-basis:25%\">\n<h5 class=\"wp-block-heading has-text-align-center\">R\u00e9alisations<\/h5>\n\n\n\n<p>+19% d\u00e9tection d\u00e9fauts<br>-60% de casse<br>2 \u00e9tudes Big Data<\/p>\n<\/div>\n<\/div>\n\n\n\n<div class=\"wp-block-columns has-background is-layout-flex wp-container-core-columns-is-layout-9d6595d7 wp-block-columns-is-layout-flex\" style=\"background-color:#fafaf6\">\n<div class=\"wp-block-column is-vertically-aligned-center is-layout-flow wp-block-column-is-layout-flow\" style=\"flex-basis:25%\">\n<p class=\"has-text-align-center\">Sept. 2017 &#8211; Sept. 2018<br>Eurotunnel<\/p>\n<\/div>\n\n\n\n<div class=\"wp-block-column is-layout-flow wp-block-column-is-layout-flow\" style=\"flex-basis:50%\">\n<h4 class=\"wp-block-heading\">Chef de Projet Junior Gestionnaire PMO<\/h4>\n\n\n\n<p>Mettre en place un bureau de gestion des<br>projets dans la division infrastructure<br>Lancer le programme d\u2019initiatives digitales<\/p>\n<\/div>\n\n\n\n<div class=\"wp-block-column is-layout-flow wp-block-column-is-layout-flow\" style=\"flex-basis:25%\">\n<h5 class=\"wp-block-heading has-text-align-center\">R\u00e9alisations<\/h5>\n\n\n\n<p>\u00c9volution de l&rsquo;outil de reporting des projets<br>Management du changement<\/p>\n<\/div>\n<\/div>\n\n\n\n<div class=\"wp-block-columns has-background is-layout-flex wp-container-core-columns-is-layout-9d6595d7 wp-block-columns-is-layout-flex\" style=\"background-color:#f6fbff\">\n<div class=\"wp-block-column is-vertically-aligned-center is-layout-flow wp-block-column-is-layout-flow\" style=\"flex-basis:25%\">\n<p class=\"has-text-align-center\">Juin 2017 &#8211; Ao\u00fbt 2017<br>Bosch<\/p>\n<\/div>\n\n\n\n<div class=\"wp-block-column is-layout-flow wp-block-column-is-layout-flow\" style=\"flex-basis:50%\">\n<h4 class=\"wp-block-heading\">Assistant Planificateur de la Production<\/h4>\n\n\n\n<p>Fiabiliser l\u2019approvisionnement des pi\u00e8ces des projets hors-standards pour les prototypes<\/p>\n<\/div>\n\n\n\n<div class=\"wp-block-column is-layout-flow wp-block-column-is-layout-flow\" style=\"flex-basis:25%\">\n<h5 class=\"wp-block-heading has-text-align-center\">R\u00e9alisations<\/h5>\n\n\n\n<p>Outil Excel de suivi de l&rsquo;approvisionnement de la liste des pi\u00e8ces pr\u00e9-SAP<\/p>\n<\/div>\n<\/div>\n\n\n\n<div class=\"wp-block-columns has-background is-layout-flex wp-container-core-columns-is-layout-9d6595d7 wp-block-columns-is-layout-flex\" style=\"background-color:#fafaf6\">\n<div class=\"wp-block-column is-vertically-aligned-center is-layout-flow wp-block-column-is-layout-flow\" style=\"flex-basis:25%\">\n<p class=\"has-text-align-center\">Juin 2016 &#8211; Ao\u00fbt 2016<br>Bosch<\/p>\n<\/div>\n\n\n\n<div class=\"wp-block-column is-layout-flow wp-block-column-is-layout-flow\" style=\"flex-basis:50%\">\n<h4 class=\"wp-block-heading\">Conducteur de ligne de contr\u00f4le qualit\u00e9<\/h4>\n\n\n\n<p>Conduire une ligne de calculateurs d\u2019injections<br>G\u00e9rer les al\u00e9as et analyser les d\u00e9fauts (1PPM)<\/p>\n<\/div>\n\n\n\n<div class=\"wp-block-column is-layout-flow wp-block-column-is-layout-flow\" style=\"flex-basis:25%\">\n<h5 class=\"wp-block-heading has-text-align-center\">Secteur<\/h5>\n\n\n\n<p>Industrie \u00e9lectronique<br>Secteur automobile<\/p>\n<\/div>\n<\/div>\n\n\n\n<div class=\"wp-block-columns has-background is-layout-flex wp-container-core-columns-is-layout-9d6595d7 wp-block-columns-is-layout-flex\" style=\"background-color:#f6fbff\">\n<div class=\"wp-block-column is-vertically-aligned-center is-layout-flow wp-block-column-is-layout-flow\" style=\"flex-basis:25%\">\n<p class=\"has-text-align-center\">Juin 2015 &#8211; Ao\u00fbt 2015<br>La Normandise<\/p>\n<\/div>\n\n\n\n<div class=\"wp-block-column is-layout-flow wp-block-column-is-layout-flow\" style=\"flex-basis:50%\">\n<h4 class=\"wp-block-heading\">Conducteur de ligne de production<\/h4>\n\n\n\n<p>Conduire une ligne de conditionnement de pochons pour chiens et chats<\/p>\n<\/div>\n\n\n\n<div class=\"wp-block-column is-layout-flow wp-block-column-is-layout-flow\" style=\"flex-basis:25%\">\n<h5 class=\"wp-block-heading has-text-align-center\">Secteur<\/h5>\n\n\n\n<p>Industrie agro-alimentaire<br>Secteur Pet-Food<\/p>\n<\/div>\n<\/div>\n\n\n\n<hr class=\"wp-block-separator has-css-opacity is-style-dots\"\/>\n\n\n\n<div class=\"wp-block-group\"><div class=\"wp-block-group__inner-container is-layout-flow wp-block-group-is-layout-flow\">\n<h2 class=\"wp-block-heading has-text-align-center\">Formations<\/h2>\n\n\n\n<div class=\"wp-block-columns has-background is-layout-flex wp-container-core-columns-is-layout-9d6595d7 wp-block-columns-is-layout-flex\" style=\"background-color:#fafaf6\">\n<div class=\"wp-block-column is-vertically-aligned-center is-layout-flow wp-block-column-is-layout-flow\" style=\"flex-basis:25%\">\n<p class=\"has-text-align-center\">2020 Centrale Lille<\/p>\n<\/div>\n\n\n\n<div class=\"wp-block-column is-layout-flow wp-block-column-is-layout-flow\" style=\"flex-basis:50%\">\n<h4 class=\"wp-block-heading\">Certification gestion de projet<\/h4>\n<\/div>\n\n\n\n<div class=\"wp-block-column is-layout-flow wp-block-column-is-layout-flow\" style=\"flex-basis:25%\">\n<p>Parcours avanc\u00e9, r\u00e9ussite des 15 sp\u00e9cialisations<\/p>\n<\/div>\n<\/div>\n\n\n\n<div class=\"wp-block-columns has-background is-layout-flex wp-container-core-columns-is-layout-9d6595d7 wp-block-columns-is-layout-flex\" style=\"background-color:#f6fbff\">\n<div class=\"wp-block-column is-vertically-aligned-center is-layout-flow wp-block-column-is-layout-flow\" style=\"flex-basis:25%\">\n<p class=\"has-text-align-center\">2018 OSIsoft<\/p>\n<\/div>\n\n\n\n<div class=\"wp-block-column is-layout-flow wp-block-column-is-layout-flow\" style=\"flex-basis:50%\">\n<h4 class=\"wp-block-heading\">Certification PI System AF<\/h4>\n<\/div>\n\n\n\n<div class=\"wp-block-column is-layout-flow wp-block-column-is-layout-flow\" style=\"flex-basis:25%\">\n<p>Par les formateurs d&rsquo;OSIsoft<\/p>\n<\/div>\n<\/div>\n\n\n\n<div class=\"wp-block-columns has-background is-layout-flex wp-container-core-columns-is-layout-9d6595d7 wp-block-columns-is-layout-flex\" style=\"background-color:#fafaf6\">\n<div class=\"wp-block-column is-vertically-aligned-center is-layout-flow wp-block-column-is-layout-flow\" style=\"flex-basis:25%\">\n<p class=\"has-text-align-center\">2015 &#8211; 2018 EILCO<\/p>\n<\/div>\n\n\n\n<div class=\"wp-block-column is-layout-flow wp-block-column-is-layout-flow\" style=\"flex-basis:50%\">\n<h4 class=\"wp-block-heading\">Dipl\u00f4me d&rsquo;Ing\u00e9nieur en G\u00e9nie Industriel<\/h4>\n\n\n\n<p>Parcours production industriel<\/p>\n\n\n\n<h5 class=\"wp-block-heading\">Sciences techniques<\/h5>\n\n\n\n<ul class=\"wp-block-list\">\n<li>Automatisation<\/li>\n\n\n\n<li>Traitement d&rsquo;images<\/li>\n\n\n\n<li>Supervision<\/li>\n\n\n\n<li>Vision industrielle<\/li>\n\n\n\n<li>Informatique (Programmation, Architecture, R\u00e9seaux, BDD)<\/li>\n<\/ul>\n\n\n\n<h5 class=\"wp-block-heading\">Sciences humaines et management industriel<\/h5>\n\n\n\n<ul class=\"wp-block-list\">\n<li>Maintenance, risque industriel et suret\u00e9 de fonctionnement<\/li>\n\n\n\n<li>Lean Management (6 Sigma)<\/li>\n\n\n\n<li>Supply Chain (Lean Manufacturing)<\/li>\n\n\n\n<li>Gestion de production<\/li>\n\n\n\n<li>Management d&rsquo;\u00e9quipe et de projets<\/li>\n\n\n\n<li>Organisation du travail<\/li>\n<\/ul>\n<\/div>\n\n\n\n<div class=\"wp-block-column is-layout-flow wp-block-column-is-layout-flow\" style=\"flex-basis:25%\">\n<h5 class=\"wp-block-heading\">R\u00e9alisations<\/h5>\n\n\n\n<p>3\u00e8me de promotion<br>Pr\u00e9sident de l&rsquo;association musicale<\/p>\n\n\n\n<h5 class=\"wp-block-heading\">Projets<\/h5>\n\n\n\n<ul class=\"wp-block-list\">\n<li>\u00c9tude bibliographique sur les Bureaux de Gestion des Projets (PMO)<\/li>\n\n\n\n<li>\u00c9tude et conception d&rsquo;un syst\u00e8me de contr\u00f4le vision par couleur.<\/li>\n\n\n\n<li>Cr\u00e9ation d&rsquo;une vid\u00e9o pour porter le message de lutte contre le cancer du sein.<\/li>\n\n\n\n<li>Conception et programmation d&rsquo;une Bataille navale en langage C.<\/li>\n<\/ul>\n<\/div>\n<\/div>\n\n\n\n<div class=\"wp-block-columns has-background is-layout-flex wp-container-core-columns-is-layout-9d6595d7 wp-block-columns-is-layout-flex\" style=\"background-color:#f6fbff\">\n<div class=\"wp-block-column is-vertically-aligned-center is-layout-flow wp-block-column-is-layout-flow\" style=\"flex-basis:25%\">\n<p class=\"has-text-align-center\">2013 &#8211; 2015 Grignard<\/p>\n<\/div>\n\n\n\n<div class=\"wp-block-column is-layout-flow wp-block-column-is-layout-flow\" style=\"flex-basis:50%\">\n<h4 class=\"wp-block-heading\">CPGE MPSI\/MP<\/h4>\n<\/div>\n\n\n\n<div class=\"wp-block-column is-layout-flow wp-block-column-is-layout-flow\" style=\"flex-basis:25%\">\n<p>Math\u00e9matiques, Physique, Sciences de l&rsquo;Ing\u00e9nieur<\/p>\n<\/div>\n<\/div>\n<\/div><\/div>\n\n\n\n<hr class=\"wp-block-separator has-css-opacity is-style-wide\"\/>\n\n\n\n<div class=\"wp-block-group has-background\" style=\"background-color:#fafaf6\"><div class=\"wp-block-group__inner-container is-layout-flow wp-block-group-is-layout-flow\">\n<h2 class=\"wp-block-heading has-text-align-center\">Outils<\/h2>\n\n\n\n<p class=\"has-text-align-center\">OPCenter APS, Pr\u00e9actor, Silog, Shizen<br>Office 365, Outlook, Excel, Word, PowerPoint<\/p>\n\n\n\n<p class=\"has-text-align-center\">QlikView, QlikSense, Sciforma<\/p>\n\n\n\n<p class=\"has-text-align-center\">PI System, PI Vision, PI AF<\/p>\n\n\n\n<p class=\"has-text-align-center\">SAP, Azure, Collibra<\/p>\n<\/div><\/div>\n\n\n\n<hr class=\"wp-block-separator has-css-opacity is-style-dots\"\/>\n\n\n\n<div class=\"wp-block-group has-background\" style=\"background-color:#f6fbff\"><div class=\"wp-block-group__inner-container is-layout-flow wp-block-group-is-layout-flow\">\n<h2 class=\"wp-block-heading has-text-align-center\">Centres d&rsquo;int\u00e9r\u00eats<\/h2>\n\n\n\n<p class=\"has-text-align-center\">Musique : Guitare, Basse, MAO<\/p>\n\n\n\n<p class=\"has-text-align-center\">Photographie : Amateur, Paysages<\/p>\n<\/div><\/div>\n\n\n\n<hr class=\"wp-block-separator has-css-opacity is-style-wide\"\/>\n<\/div><\/div>\n\n\n\n<div class=\"wp-block-group\"><div class=\"wp-block-group__inner-container is-layout-flow wp-block-group-is-layout-flow\">\n<h2 class=\"has-text-align-center wp-block-heading\">Me contacter<\/h2>\n\n\n\n<p class=\"has-text-align-center\">Par t\u00e9l\u00e9phone au 06 50 07 52 32<br>Par mail \u00e0 mederic@medericlebouvier.com<br>Sur LinkedIn<\/p>\n\n\n\n<div class=\"wp-block-buttons is-content-justification-center is-layout-flex wp-block-buttons-is-layout-flex\">\n<div class=\"wp-block-button is-style-outline is-style-outline--1\"><a class=\"wp-block-button__link\" href=\"https:\/\/www.linkedin.com\/in\/mederic-lebouvier\/\" target=\"_blank\" rel=\"noreferrer noopener\">LinkedIn<\/a><\/div>\n<\/div>\n\n\n\n<div style=\"height:100px\" aria-hidden=\"true\" class=\"wp-block-spacer\"><\/div>\n<\/div><\/div>\n","protected":false},"excerpt":{"rendered":"","protected":false},"author":1,"featured_media":0,"parent":0,"menu_order":8,"comment_status":"closed","ping_status":"closed","template":"page-templates\/full-width.php","meta":{"footnotes":""},"class_list":["post-493","page","type-page","status-publish","hentry"],"_links":{"self":[{"href":"https:\/\/medericlebouvier.com\/index.php\/wp-json\/wp\/v2\/pages\/493","targetHints":{"allow":["GET"]}}],"collection":[{"href":"https:\/\/medericlebouvier.com\/index.php\/wp-json\/wp\/v2\/pages"}],"about":[{"href":"https:\/\/medericlebouvier.com\/index.php\/wp-json\/wp\/v2\/types\/page"}],"author":[{"embeddable":true,"href":"https:\/\/medericlebouvier.com\/index.php\/wp-json\/wp\/v2\/users\/1"}],"replies":[{"embeddable":true,"href":"https:\/\/medericlebouvier.com\/index.php\/wp-json\/wp\/v2\/comments?post=493"}],"version-history":[{"count":16,"href":"https:\/\/medericlebouvier.com\/index.php\/wp-json\/wp\/v2\/pages\/493\/revisions"}],"predecessor-version":[{"id":647,"href":"https:\/\/medericlebouvier.com\/index.php\/wp-json\/wp\/v2\/pages\/493\/revisions\/647"}],"wp:attachment":[{"href":"https:\/\/medericlebouvier.com\/index.php\/wp-json\/wp\/v2\/media?parent=493"}],"curies":[{"name":"wp","href":"https:\/\/api.w.org\/{rel}","templated":true}]}}